{"id":4108,"date":"2019-09-09T09:31:59","date_gmt":"2019-09-09T07:31:59","guid":{"rendered":"http:\/\/csi.pwszchelm.edu.pl\/?page_id=4108"},"modified":"2019-09-09T09:42:53","modified_gmt":"2019-09-09T07:42:53","slug":"laboratorium-badan-nieniszczacych-konstrukcji-lotniczych","status":"publish","type":"page","link":"https:\/\/cl.panschelm.edu.pl\/?page_id=4108","title":{"rendered":"Laboratorium Bada\u0144 Nieniszcz\u0105cych Konstrukcji Lotniczych"},"content":{"rendered":"<p><img loading=\"lazy\" decoding=\"async\" class=\"alignnone wp-image-4109 size-full\" src=\"http:\/\/csi.panschelm.edu.pl\/wp-content\/uploads\/2019\/09\/lab-badan-nieniszczacych-konstrukcji-lotniczych.jpg\" alt=\"\" width=\"735\" height=\"525\" srcset=\"https:\/\/cl.panschelm.edu.pl\/wp-content\/uploads\/2019\/09\/lab-badan-nieniszczacych-konstrukcji-lotniczych.jpg 735w, https:\/\/cl.panschelm.edu.pl\/wp-content\/uploads\/2019\/09\/lab-badan-nieniszczacych-konstrukcji-lotniczych-300x214.jpg 300w\" sizes=\"auto, (max-width: 735px) 100vw, 735px\" \/><\/p>\n<p>Badania nieniszcz\u0105ce to badania umo\u017cliwiaj\u0105ce uzyskanie informacji o stanie fizycznym, wadach i w\u0142asno\u015bciach badanego obiektu (materia\u0142u, wyrobu, konstrukcji) bez spowodowania zmiany jego cech u\u017cytkowych. Badania te maj\u0105 na celu wykrycie wad typu nieci\u0105g\u0142o\u015bci materia\u0142u.<\/p>\n<p>W ramach laboratorium realizuje si\u0119 badania:<\/p>\n<ul>\n<li>wizualne &#8211; polegaj\u0105 na ocenie powierzchni materia\u0142u nieuzbrojonym okiem,<\/li>\n<li>penetracji barwnej &#8211; u\u017cywamy penetranta, kt\u00f3ry zabarwia na czerwono, a wskazanie wad jest w\u00f3wczas widoczne na bia\u0142ym tle wywo\u0142ywacza przy o\u015bwietleniu normalnym,<\/li>\n<li>ultrad\u017awi\u0119kowe &#8211; wykorzystuj\u0105 zjawisko przenoszenia si\u0119 fal ultrad\u017awi\u0119kowych.<\/li>\n<\/ul>\n<p>&nbsp;<\/p>\n<h3 class=\"gdlr-heading-shortcode \"  style=\"font-size: 24px;font-weight: normal;\" >Wyposa\u017cenie:<\/h3>\n<div class=\"clear\"><\/div><div class=\"gdlr-space\" style=\"margin-top: 40px;\"><\/div>\n<div class=\"gdlr-frame-shortcode gdlr-align-left\"><div class=\"gdlr-frame frame-type-border\" > <div class=\"gdlr-image-link-shortcode\" style=\"max-width: 100%\" ><img decoding=\"async\" src=\"http:\/\/csi.panschelm.edu.pl\/wp-content\/uploads\/2019\/09\/22.4.png\" alt=\" \" \/><a href=\"http:\/\/csi.panschelm.edu.pl\/wp-content\/uploads\/2019\/09\/22.4.png\"  data-rel=\"fancybox\"  target=\"_blank\" ><span class=\"gdlr-image-link-overlay\">&nbsp;<\/span><span class=\"gdlr-image-link-icon\"><i class=\"fa fa-search\" ><\/i><\/span><\/a><\/div><\/div><span class=\"gdlr-frame-caption\">Przyrz\u0105d pomiarowy Diamond 401A<\/span><\/div>\n<p>Diamond 401A jest nowoczesnym przyrz\u0105dem pomiarowym, przeznaczonym do pomiaru i analizy drga\u0144 maszyn i urz\u0105dze\u0144 wiruj\u0105cych, kontroli zu\u017cycia \u0142o\u017cysk tocznych, oceny stanu maszyn, pomiaru pr\u0119dko\u015bci obrotowej i temperatury oraz wywa\u017cania wirnik\u00f3w w \u0142o\u017cyskach w\u0142asnych. Cech\u0105 charakterystyczn\u0105 tego przyrz\u0105du jest bogate wyposa\u017cenie, w tym r\u00f3wnie\u017c oprogramowanie do komputera umo\u017cliwiaj\u0105ce odbi\u00f3r zapami\u0119tanych w przyrz\u0105dzie pomiar\u00f3w, ich wizualizacj\u0119 i archiwizacj\u0119. Jest narz\u0119dziem niezwykle pomocnym w pracy, szczeg\u00f3lnie przeznaczonym dla dzia\u0142\u00f3w remontowych, utrzymania ruchu i kontroli jako\u015bci. U\u0142atwia weryfikacj\u0119 maszyn, kt\u00f3rych remont nale\u017cy przeprowadzi\u0107, lub w kt\u00f3rych wymagana jest wymiana \u0142o\u017cysk. Pomaga to w unikni\u0119ciu niespodziewanej awarii, u\u0142atwia ustalenie pospolitych przyczyn z\u0142ego stanu maszyn i urz\u0105dze\u0144 wiruj\u0105cych. Niezwykle praktyczna funkcja wywa\u017cania daje w okre\u015blonych przypadkach mo\u017cliwo\u015b\u0107 istotnej poprawy stanu maszyny. Przyrz\u0105d oferowany jest w r\u00f3\u017cnych wersjach w zale\u017cno\u015bci od wymaga\u0144 i potrzeb u\u017cytkownika.<\/p>\n<div class=\"gdlr-shortcode-wrapper\"><div class=\"clear\"><\/div><div class=\"gdlr-item gdlr-divider-item\"  ><div class=\"gdlr-divider solid\"  style=\"width: 100%;\" ><\/div><\/div><\/div>\n<div class=\"gdlr-frame-shortcode gdlr-align-left\"><div class=\"gdlr-frame frame-type-border\" > <div class=\"gdlr-image-link-shortcode\" style=\"max-width: 100%\" ><img decoding=\"async\" src=\"http:\/\/csi.panschelm.edu.pl\/wp-content\/uploads\/2019\/09\/22.5.png\" alt=\" \" \/><a href=\"http:\/\/csi.panschelm.edu.pl\/wp-content\/uploads\/2019\/09\/22.5.png\"  data-rel=\"fancybox\"  target=\"_blank\" ><span class=\"gdlr-image-link-overlay\">&nbsp;<\/span><span class=\"gdlr-image-link-icon\"><i class=\"fa fa-search\" ><\/i><\/span><\/a><\/div><\/div><span class=\"gdlr-frame-caption\">Urz\u0105dzenie Vibrex 2000<\/span><\/div>\n<p>Urz\u0105dzenie pozwala na wykonanie nast\u0119puj\u0105cych pomiar\u00f3w:<\/p>\n<ul>\n<li>wibracji \u015bmig\u0142a,<\/li>\n<li>wibracji wirnika,<\/li>\n<li>analiz\u0119 widma.<\/li>\n<\/ul>\n<p>Na skutek zmiany dryft\u00f3w temperaturowych podzespo\u0142\u00f3w, i innych czynnik\u00f3w zmieniaj\u0105 si\u0119 parametry urz\u0105dzenia. Za ka\u017cdym razem gdy jest w\u0142\u0105czane wykonywany jest test w\u0142asny w celu regulacji parametr\u00f3w kompensuj\u0105cych te zmiany. Urz\u0105dzenie raportuje stan baterii i czas jej pracy. Wyb\u00f3r funkcji STATUS pozwala na sprawdzenie stanu baterii i wy\u015bwietlenie danych, jak: napi\u0119cie, czas, data , typ. Wykorzystuj\u0105c t\u0105 funkcj\u0119 mo\u017cna diagnozowa\u0107 urz\u0105dzenie i usuwa\u0107 usterki. Self-test mo\u017ce by\u0107 wykonywany w dw\u00f3ch trybach:<\/p>\n<ul>\n<li>pe\u0142nym (trwa ok. 20 sek),<\/li>\n<li>skr\u00f3conym (trwa kilka sek.).<\/li>\n<\/ul>\n<p>&nbsp;<\/p>\n","protected":false},"excerpt":{"rendered":"<p>Badania nieniszcz\u0105ce to badania umo\u017cliwiaj\u0105ce uzyskanie informacji o stanie fizycznym, wadach i w\u0142asno\u015bciach badanego obiektu (materia\u0142u, wyrobu, konstrukcji) bez spowodowania zmiany jego cech u\u017cytkowych. Badania te maj\u0105 na celu wykrycie wad typu nieci\u0105g\u0142o\u015bci materia\u0142u. W ramach laboratorium realizuje si\u0119 badania: wizualne &#8211; polegaj\u0105 na ocenie powierzchni materia\u0142u nieuzbrojonym okiem, penetracji barwnej &#8211; u\u017cywamy penetranta, kt\u00f3ry&#8230; <\/p>\n<div class=\"clear\"><\/div>\n<p><a href=\"https:\/\/cl.panschelm.edu.pl\/?page_id=4108\" class=\"excerpt-read-more\">Czytaj wi\u0119cej<i class=\"fa fa-angle-double-right icon-double-angle-right\"><\/i><\/a><\/p>\n","protected":false},"author":1,"featured_media":4109,"parent":0,"menu_order":0,"comment_status":"closed","ping_status":"closed","template":"","meta":{"footnotes":""},"class_list":["post-4108","page","type-page","status-publish","has-post-thumbnail","hentry"],"publishpress_future_action":{"enabled":false,"date":"1970-01-01 01:00:00","action":"","terms":[],"taxonomy":"","browser_timezone_offset":0},"_links":{"self":[{"href":"https:\/\/cl.panschelm.edu.pl\/index.php?rest_route=\/wp\/v2\/pages\/4108","targetHints":{"allow":["GET"]}}],"collection":[{"href":"https:\/\/cl.panschelm.edu.pl\/index.php?rest_route=\/wp\/v2\/pages"}],"about":[{"href":"https:\/\/cl.panschelm.edu.pl\/index.php?rest_route=\/wp\/v2\/types\/page"}],"author":[{"embeddable":true,"href":"https:\/\/cl.panschelm.edu.pl\/index.php?rest_route=\/wp\/v2\/users\/1"}],"replies":[{"embeddable":true,"href":"https:\/\/cl.panschelm.edu.pl\/index.php?rest_route=%2Fwp%2Fv2%2Fcomments&post=4108"}],"version-history":[{"count":9,"href":"https:\/\/cl.panschelm.edu.pl\/index.php?rest_route=\/wp\/v2\/pages\/4108\/revisions"}],"predecessor-version":[{"id":4124,"href":"https:\/\/cl.panschelm.edu.pl\/index.php?rest_route=\/wp\/v2\/pages\/4108\/revisions\/4124"}],"wp:featuredmedia":[{"embeddable":true,"href":"https:\/\/cl.panschelm.edu.pl\/index.php?rest_route=\/wp\/v2\/media\/4109"}],"wp:attachment":[{"href":"https:\/\/cl.panschelm.edu.pl\/index.php?rest_route=%2Fwp%2Fv2%2Fmedia&parent=4108"}],"curies":[{"name":"wp","href":"https:\/\/api.w.org\/{rel}","templated":true}]}}