{"id":4739,"date":"2020-06-01T14:15:22","date_gmt":"2020-06-01T12:15:22","guid":{"rendered":"http:\/\/cl2.pwszchelm.pl\/?page_id=4739"},"modified":"2024-08-30T08:23:03","modified_gmt":"2024-08-30T06:23:03","slug":"lotnisko-depultycze-krolewskie","status":"publish","type":"page","link":"https:\/\/cl.panschelm.edu.pl\/?page_id=4739","title":{"rendered":"Lotnisko Depu\u0142tycze Kr\u00f3lewskie"},"content":{"rendered":"<div class=\"text-article\">Opis lotniska Depu\u0142tycze Kr\u00f3lewskie: <a href=\"https:\/\/www.ais.pansa.pl\/vfr\/pliki\/EP_AD_4_EPCD_en.pdf\">Pobierz<\/a><br \/>\nMapa lotniska Depu\u0142tycze Kr\u00f3lewskie: <a href=\"https:\/\/www.ais.pansa.pl\/vfr\/pliki\/EP_AD_4_EPCD_3-0_en.pdf\">Pobierz<\/a><br \/>\nLoty po kr\u0119gu: <a href=\"https:\/\/www.ais.pansa.pl\/vfr\/pliki\/EP_AD_4_EPCD_4-0_en.pdf\">Pobierz<\/a><br \/>\nPunkty wzlotu i dolotu ze strefy lotniska Depu\u0142tycze Kr\u00f3lewskie: <a href=\"https:\/\/www.ais.pansa.pl\/vfr\/pliki\/EP_AD_4_EPCD_5-0_en.pdf\">Pobierz<\/a><br \/>\nGranice strefy lotniska Depu\u0142tycze Kr\u00f3lewskie: <a href=\"https:\/\/www.ais.pansa.pl\/vfr\/pliki\/EP_AD_4_EPCD_6-0_en.pdf\">Pobierz<\/a><\/div>\n","protected":false},"excerpt":{"rendered":"<p>Opis lotniska Depu\u0142tycze Kr\u00f3lewskie: Pobierz Mapa lotniska Depu\u0142tycze Kr\u00f3lewskie: Pobierz Loty po kr\u0119gu: Pobierz Punkty wzlotu i dolotu ze strefy lotniska Depu\u0142tycze Kr\u00f3lewskie: Pobierz Granice strefy lotniska Depu\u0142tycze Kr\u00f3lewskie: Pobierz<\/p>\n","protected":false},"author":1,"featured_media":0,"parent":0,"menu_order":0,"comment_status":"closed","ping_status":"closed","template":"","meta":{"footnotes":""},"class_list":["post-4739","page","type-page","status-publish","hentry"],"publishpress_future_action":{"enabled":false,"date":"1970-01-01 01:00:00","action":"","terms":[],"taxonomy":"","browser_timezone_offset":0},"_links":{"self":[{"href":"https:\/\/cl.panschelm.edu.pl\/index.php?rest_route=\/wp\/v2\/pages\/4739","targetHints":{"allow":["GET"]}}],"collection":[{"href":"https:\/\/cl.panschelm.edu.pl\/index.php?rest_route=\/wp\/v2\/pages"}],"about":[{"href":"https:\/\/cl.panschelm.edu.pl\/index.php?rest_route=\/wp\/v2\/types\/page"}],"author":[{"embeddable":true,"href":"https:\/\/cl.panschelm.edu.pl\/index.php?rest_route=\/wp\/v2\/users\/1"}],"replies":[{"embeddable":true,"href":"https:\/\/cl.panschelm.edu.pl\/index.php?rest_route=%2Fwp%2Fv2%2Fcomments&post=4739"}],"version-history":[{"count":5,"href":"https:\/\/cl.panschelm.edu.pl\/index.php?rest_route=\/wp\/v2\/pages\/4739\/revisions"}],"predecessor-version":[{"id":7378,"href":"https:\/\/cl.panschelm.edu.pl\/index.php?rest_route=\/wp\/v2\/pages\/4739\/revisions\/7378"}],"wp:attachment":[{"href":"https:\/\/cl.panschelm.edu.pl\/index.php?rest_route=%2Fwp%2Fv2%2Fmedia&parent=4739"}],"curies":[{"name":"wp","href":"https:\/\/api.w.org\/{rel}","templated":true}]}}