{"id":4824,"date":"2020-06-29T14:05:48","date_gmt":"2020-06-29T12:05:48","guid":{"rendered":"http:\/\/cl.pwszchelm.edu.pl\/?page_id=4824"},"modified":"2022-05-16T12:10:41","modified_gmt":"2022-05-16T10:10:41","slug":"o-nas","status":"publish","type":"page","link":"https:\/\/cl.panschelm.edu.pl\/?page_id=4824","title":{"rendered":"O Nas"},"content":{"rendered":"<div style=\"text-align: justify;\">\n<p>Od kilkunastu lat wsp\u00f3\u0142tworzymy krajobraz szkolnictwa wy\u017cszego Lubelszczyzny, jeste\u015bmy jedn\u0105 z Uczelni Wy\u017cszych prowadz\u0105cych kszta\u0142cenie w zakresie specjalno\u015bci lotniczych daj\u0105c studentom mo\u017cliwo\u015b\u0107 uzyskania licencji pilota samolotowego, \u015bmig\u0142owcowego, mechanika lotniczego oraz nowo\u015bci w\u015br\u00f3d naszej oferty \u2013 dyspozytora lotniczego oraz cz\u0142onka personelu pok\u0142adowego.<\/p>\n<p>Szkolenia lotnicze odbywaj\u0105 si\u0119 w certyfikowanych organizacjach szkoleniowych b\u0119d\u0105cych w strukturze Uczelni, z\u00a0wykorzystaniem infrastruktury, w sk\u0142ad kt\u00f3rej wchodz\u0105 nowoczesne laboratoria oraz w\u0142asne lotnisko &#8211; Depu\u0142tycze Kr\u00f3lewskie (EPCD), na kt\u00f3rego terenie trwa obecnie budowa sztucznej nawierzchni drogi startowej.<\/p>\n<p>Do dyspozycji student\u00f3w &#8211; uczestnik\u00f3w szkolenia s\u0105 nowoczesne laboratoria wyposa\u017cone w sprz\u0119t, gwarantuj\u0105cy wysoki poziom wyszkolenia lotniczego, w tym tunel aerodynamiczny, symulator lotu oraz stale powi\u0119kszaj\u0105c\u0105 si\u0119 nowoczesn\u0105 flot\u0119 statk\u00f3w powietrznych obejmuj\u0105c\u0105 min.: samolot wielosilnikowy klasy MEP(L) &#8211; Tecnam P2006T, samoloty szklono-treningowe typu AT3-R100, samoloty typu Cessna 172, 152 oraz \u015bmig\u0142owiec typu Robinson 44. Nad szkoleniem lotniczym czuwa wysoko wykwalifikowana kadra instruktor\u00f3w szkole\u0144 teoretycznych i praktycznych, oraz licencjonowany personel techniczny odpowiedzialny za utrzymanie statk\u00f3w powietrznych w ci\u0105g\u0142ej zdatno\u015bci do lotu.<\/p>\n<p>Wsp\u00f3\u0142pracujemy ze wszystkimi du\u017cymi liniami lotniczymi w Polsce oraz firmami z bran\u017cy lotniczej, umo\u017cliwiaj\u0105c tym samym studentom oraz absolwentom PANS w Che\u0142mie natychmiastowe podj\u0119cie pracy w wymarzonym przez siebie zawodzie. Nale\u017cy podkre\u015bli\u0107, \u017ce pracodawcy zatrudniaj\u0105cy naszych absolwent\u00f3w bardzo sobie ceni\u0105 wsp\u00f3\u0142prac\u0119 z PANS w Che\u0142mie, doceniaj\u0105c wysoki poziom wyszkolenia pilot\u00f3w oraz mechanik\u00f3w lotniczych, czego bardzo cz\u0119sto daj\u0105 wyraz.<\/p>\n<\/div>\n","protected":false},"excerpt":{"rendered":"<p>Od kilkunastu lat wsp\u00f3\u0142tworzymy krajobraz szkolnictwa wy\u017cszego Lubelszczyzny, jeste\u015bmy jedn\u0105 z Uczelni Wy\u017cszych prowadz\u0105cych kszta\u0142cenie w zakresie specjalno\u015bci lotniczych daj\u0105c studentom mo\u017cliwo\u015b\u0107 uzyskania licencji pilota samolotowego, \u015bmig\u0142owcowego, mechanika lotniczego oraz nowo\u015bci w\u015br\u00f3d naszej oferty \u2013 dyspozytora lotniczego oraz cz\u0142onka personelu pok\u0142adowego. Szkolenia lotnicze odbywaj\u0105 si\u0119 w certyfikowanych organizacjach szkoleniowych b\u0119d\u0105cych w strukturze Uczelni, z\u00a0wykorzystaniem infrastruktury,&#8230; <\/p>\n<div class=\"clear\"><\/div>\n<p><a href=\"https:\/\/cl.panschelm.edu.pl\/?page_id=4824\" class=\"excerpt-read-more\">Czytaj wi\u0119cej<i class=\"fa fa-angle-double-right icon-double-angle-right\"><\/i><\/a><\/p>\n","protected":false},"author":1,"featured_media":0,"parent":0,"menu_order":0,"comment_status":"closed","ping_status":"closed","template":"","meta":{"footnotes":""},"class_list":["post-4824","page","type-page","status-publish","hentry"],"publishpress_future_action":{"enabled":false,"date":"1970-01-01 01:00:00","action":"","terms":[],"taxonomy":"","browser_timezone_offset":0},"_links":{"self":[{"href":"https:\/\/cl.panschelm.edu.pl\/index.php?rest_route=\/wp\/v2\/pages\/4824","targetHints":{"allow":["GET"]}}],"collection":[{"href":"https:\/\/cl.panschelm.edu.pl\/index.php?rest_route=\/wp\/v2\/pages"}],"about":[{"href":"https:\/\/cl.panschelm.edu.pl\/index.php?rest_route=\/wp\/v2\/types\/page"}],"author":[{"embeddable":true,"href":"https:\/\/cl.panschelm.edu.pl\/index.php?rest_route=\/wp\/v2\/users\/1"}],"replies":[{"embeddable":true,"href":"https:\/\/cl.panschelm.edu.pl\/index.php?rest_route=%2Fwp%2Fv2%2Fcomments&post=4824"}],"version-history":[{"count":5,"href":"https:\/\/cl.panschelm.edu.pl\/index.php?rest_route=\/wp\/v2\/pages\/4824\/revisions"}],"predecessor-version":[{"id":5692,"href":"https:\/\/cl.panschelm.edu.pl\/index.php?rest_route=\/wp\/v2\/pages\/4824\/revisions\/5692"}],"wp:attachment":[{"href":"https:\/\/cl.panschelm.edu.pl\/index.php?rest_route=%2Fwp%2Fv2%2Fmedia&parent=4824"}],"curies":[{"name":"wp","href":"https:\/\/api.w.org\/{rel}","templated":true}]}}