{"id":5352,"date":"2021-03-16T13:17:48","date_gmt":"2021-03-16T12:17:48","guid":{"rendered":"http:\/\/cl.pwszchelm.edu.pl\/?page_id=5352"},"modified":"2026-02-18T10:04:42","modified_gmt":"2026-02-18T09:04:42","slug":"kwalifikacja-pilotaz-2021","status":"publish","type":"page","link":"https:\/\/cl.panschelm.edu.pl\/?page_id=5352","title":{"rendered":"Kwalifikacja pilota\u017c 2026"},"content":{"rendered":"<p>&nbsp;<\/p>\n<h1 style=\"font-size: 1.7rem;\">Og\u00f3lne zasady prowadzenia Kwalifikacji na szkolenie lotnicze \u2013 Pilota\u017c (samolotowy i \u015bmig\u0142owcowy), <strong>dla student\u00f3w kierunku Mechanika i budowa maszyn PANS w Che\u0142mie \u2013 2026 R.<\/strong><\/h1>\n<h2 style=\"text-align: center; font-size: 1.4rem;\"><strong>Podstawa prawna:<\/strong><\/h2>\n<p><a href=\"https:\/\/cl.panschelm.edu.pl\/?page_id=4768\">Regulamin Szkolenia Personelu Lotniczego Pa\u0144stwowej Akademii Nauk Stosowanych w Che\u0142mie<\/a>, stanowi\u0105cy za\u0142\u0105cznik do zarz\u0105dzenia Rektora PANS w Che\u0142mie nr 109\/2022 z dnia 19 grudnia 2022 r., w sprawie wprowadzenia Regulaminu Szkolenia Personelu Lotniczego Pa\u0144stwowej Akademii Nauk Stosowanych w Che\u0142mie (z p\u00f3\u017an. zm.)<\/p>\n<h2 style=\"text-align: center; font-size: 1.4rem;\"><strong>Harmonogram Post\u0119powania Kwalifikacyjnego<\/strong><\/h2>\n<table width=\"635\">\n<tbody>\n<tr style=\"padding-top: 10px; padding-bottom: 10px; border-top: 3px solid #13a538;\">\n<td width=\"161\"><strong>Do 21 czerwca 2026 r. <\/strong><strong>do godz. 24<sup>00<\/sup> <\/strong><\/td>\n<td width=\"255\">Elektroniczna rejestracja kandydat\u00f3w, sk\u0142adanie dokumentacji, stanowi\u0105cej przedmiot postepowania w sprawie przyj\u0119cia na szkolenie lotnicze Pilota\u017c<\/td>\n<td width=\"219\">Za po\u015brednictwem strony<br \/>\nhttps:\/\/ cl.panschelm.edu.pl<\/td>\n<\/tr>\n<tr style=\"padding-top: 10px; padding-bottom: 10px; border-top: 3px solid #13a538;\">\n<td width=\"161\"><strong>06 lipca 2026 r.<br \/>\n<\/strong><strong style=\"font-family: inherit; font-size: inherit;\">od godz. 12<sup>00<\/sup>.<\/strong><\/td>\n<td width=\"255\">Og\u0142oszenie listy os\u00f3b dopuszczonych do procesu kwalifikacji<\/td>\n<td width=\"219\">Informacja przekazana za po\u015brednictwem strony internetowej oraz poczty elektronicznej<\/td>\n<\/tr>\n<tr style=\"padding-top: 10px; padding-bottom: 10px; border-top: 3px solid #13a538;\">\n<td width=\"161\"><strong>07 lipca 2026 r.<br \/>\n<\/strong><strong style=\"font-family: inherit; font-size: inherit;\">od godz. 10<sup>00<\/sup><\/strong><\/td>\n<td width=\"255\">Cz\u0119\u015b\u0107 pisemna \u2013 lotnicza<\/td>\n<td width=\"219\">Aula, ul. Wojs\u0142awicka 8, Che\u0142m<\/td>\n<\/tr>\n<tr style=\"padding-top: 10px; padding-bottom: 10px; border-top: 3px solid #13a538;\">\n<td width=\"161\"><strong>07 lipca 2026 r.<br \/>\n<\/strong><strong style=\"font-family: inherit; font-size: inherit;\">od godz. 13<sup>00<\/sup><\/strong><\/td>\n<td width=\"255\">Cz\u0119\u015b\u0107 pisemna \u2013 j\u0119zyk angielski<\/td>\n<td width=\"219\">Aula, ul. Wojs\u0142awicka 8, Che\u0142m<\/td>\n<\/tr>\n<tr style=\"padding-top: 10px; padding-bottom: 10px; border-top: 3px solid #13a538;\">\n<td width=\"161\"><strong>08-10 lipca 2026 r.<br \/>\n<\/strong><strong>od godz. 8<sup>00<\/sup><\/strong><\/td>\n<td width=\"255\">Cz\u0119\u015b\u0107 ustna \u2013\u00a0lotnicza oraz j\u0119zyk angielski<\/td>\n<td width=\"219\">Centrum Studi\u00f3w In\u017cynierskich, cz\u0119\u015b\u0107 lotnicza, Depu\u0142tycze Kr\u00f3lewskie 55<\/td>\n<\/tr>\n<tr style=\"padding-top: 10px; padding-bottom: 10px; border-top: 3px solid #13a538;\">\n<td width=\"161\"><strong>23-25 czerwca 2026 r.<br \/>\n<small>(zapisy prowadzi Centrum Wychowania Fizycznego)<\/small><br \/>\n<\/strong><\/td>\n<td width=\"255\">Egzamin sprawno\u015bciowy<\/td>\n<td width=\"219\">Studium Wychowania<br \/>\nFizycznego, ul. Pocztowa 52,<br \/>\nChe\u0142m<\/td>\n<\/tr>\n<\/tbody>\n<\/table>\n<h2 style=\"font-size: 1.4rem;\"><strong>Zasady prowadzenia kwalifikacji<\/strong><\/h2>\n<p><strong>Elektroniczna rejestracja kandydat\u00f3w <\/strong>Kandydaci zobowi\u0105zani s\u0105 do dokonania rejestracji internetowej, w terminie do <strong>21 czerwca 2026 r. do godz. 24<sup>00<\/sup>.,<\/strong> <span class=\"fontstyle0\">za po\u015brednictwem formularza dost\u0119pnego w zak\u0142adce: <\/span><a href=\"https:\/\/cl.panschelm.edu.pl\/?page_id=5008\"><strong>Dla studenta\/Kwalifikacja Pilota\u017c\/Formularz zg\u0142oszeniowy<\/strong><\/a> na stronie Centrum Lotniczego PANS w Che\u0142mie pod adresem: <a href=\"https:\/\/cl.panschelm.edu.pl\/?page_id=5008\">https:\/\/cl.panschelm.edu.pl<\/a>.<\/p>\n<p><span class=\"fontstyle0\">Wype\u0142niony formularz jest automatycznie przekazywany do Centrum Lotniczego PANS w Che\u0142mie. Potwierdzeniem z\u0142o\u017cenia zg\u0142oszenia jest automatyczna wiadomo\u015b\u0107 zwrotna wygenerowana przez system informatyczny Centrum Lotniczego.<\/span><\/p>\n<p><!-- <span class=\"fontstyle0\">\n\n[gdlr_button href=\"http:\/\/cl.panschelm.edu.pl\/?page_id=5008\" target=\"_self\" size=\"medium\" background=\"#225631\" color=\"#ffffff\"]Rejestracja Kandydat\u00f3w - formularz[\/gdlr_button]\n\n<\/span>--><\/p>\n<h3>Wa\u017cne informacje organizacyjne:<\/h3>\n<ul>\n<li><span class=\"fontstyle0\">zg\u0142oszenia musz\u0105 by\u0107 wys\u0142ane z uczelnianego adresu e-mail w domenie PANS <\/span><span class=\"fontstyle0\">w Che\u0142mie<\/span><span class=\"fontstyle2\">,<\/span><\/li>\n<li><span class=\"fontstyle0\">nie s\u0105 przyjmowane wnioski sk\u0142adane osobi\u015bcie ani w wersji papierowej,<\/span><\/li>\n<li><span class=\"fontstyle0\">jedyn\u0105 dopuszczaln\u0105 form\u0105 zg\u0142oszenia jest rejestracja elektroniczna;<\/span><\/li>\n<li><span class=\"fontstyle0\">kandydat, kt\u00f3ry dokona\u0142 elektronicznej rejestracji, ma prawo uzupe\u0142ni\u0107 przed\u0142o\u017con\u0105 <\/span><span class=\"fontstyle0\">dokumentacj\u0119 do dnia 6 lipca 2026 r., po tej dacie dokumenty nie b\u0119d\u0105 <\/span><span class=\"fontstyle0\">przyjmowane.<\/span><\/li>\n<\/ul>\n<p><a href=\"https:\/\/cl.panschelm.edu.pl\/?page_id=5008\"><strong><u>Do wype\u0142nionego formularza <\/u><\/strong><\/a>nale\u017cy za\u0142\u0105czy\u0107 poni\u017csze dokumenty w <strong>formacie PDF<\/strong>.:<\/p>\n<h3 style=\"font-size: 1.2rem;\"><strong>DOKUMENTY OBOWI\u0104ZKOWE (WSZYSCY KANDYDACI):<\/strong><\/h3>\n<ul>\n<li>Wa\u017cne orzeczenie lotniczo lekarskie klasy pierwszej (obejmuj\u0105ce okres trwania kwalifikacji);<\/li>\n<\/ul>\n<h3 style=\"font-size: 1.2rem;\"><strong>DOKUMENTY nieobowi\u0105zkowe (KANDYDACI Z DO\u015aWIADCZENIEM LOTNICZYM)<\/strong><strong>:<\/strong><\/h3>\n<ul>\n<li>Licencj\u0119 PPL(A)\/(H) lub Za\u015bwiadczenie LKE o zdanym egzaminie praktycznym do licencji pilota samolotowego PPL(A)\/(H);<\/li>\n<li>Licencj\u0119 szybowcow\u0105 SPL lub Za\u015bwiadczenie LKE o zdanym egzaminie praktycznym do licencji SPL;<\/li>\n<li>Wpis w licencji lub certyfikat po\u015bwiadczaj\u0105cy znajomo\u015b\u0107 j\u0119zyka angielskiego na poziomie ICAO level 4;<\/li>\n<li>Wpis w licencji lub certyfikat po\u015bwiadczaj\u0105cy znajomo\u015b\u0107 j\u0119zyka angielskiego na poziomie ICAO level 5;<\/li>\n<li>Wpis w licencji lub certyfikat po\u015bwiadczaj\u0105cy znajomo\u015b\u0107 j\u0119zyka angielskiego na poziomie ICAO level 6;<\/li>\n<li><span class=\"fontstyle0\">Wpis w licencji lub za\u015bwiadczenie \u2013 VFR NOC;<\/span><\/li>\n<\/ul>\n<h2 style=\"font-size: 1.4rem;\"><strong>Dokumenty sk\u0142adane przez kandydat\u00f3w z deklarowanym nalotem:<\/strong><\/h2>\n<ul>\n<li>Protok\u00f3\u0142 z egzaminu praktycznego PPL;<\/li>\n<li>Po\u015bwiadczenie nalotu w charakterze dow\u00f3dcy statku powietrznego (PIC) w lotach trasowych po uzyskaniu licencji \u2013 ksi\u0105\u017cka pilota samolotowego\/\u015bmig\u0142owego.<\/li>\n<\/ul>\n<p><strong><span class=\"fontstyle0\">Przed\u0142o\u017cone zgodnie z zasadami Komisji Kwalifikacyjne<br \/>\n<\/span><\/strong><span class=\"fontstyle0\"><\/p>\n<a class=\"gdlr-button medium\" href=\"\/wp-content\/uploads\/2026\/02\/Zasady-wypelniania-logbook.pdf\" target=\"_self\"  style=\"color:#ffffff; background-color:#225631; \"  >Przyk\u0142adowy logbook z wymaganiami Komisji Kwalifikacyjnej w PANS Che\u0142m<\/a>\n<p><\/span><strong><span class=\"fontstyle0\"><br \/>\n<\/span><\/strong><\/p>\n<h2 style=\"text-align: center; font-size: 1.4rem;\"><strong>Zakres materia\u0142owy \u2013 Test z Wiedzy Lotniczej<\/strong><\/h2>\n<p>Test pisemny z og\u00f3lnej wiedzy o lotnictwie, b\u0119dzie si\u0119 sk\u0142ada\u0142 zar\u00f3wno z pyta\u0144 zamkni\u0119tych jak i otwartych, na jego napisanie kandydat b\u0119dzie mia\u0142 100 minut.<\/p>\n<p>W pytaniach otwartych uzupe\u0142niana b\u0119dzie odpowied\u017a tekstowo, liczbowo itp.<\/p>\n<p>Zakres wiedzy, kt\u00f3r\u0105 powinien przyswoi\u0107 kandydat obejmuje szkolenie teoretyczne do licencji turystycznej \u2013 PPL, a w szczeg\u00f3lno\u015bci:<\/p>\n<ul>\n<li><span class=\"fontstyle0\">Prawo lotnicze i procedury ruchu lotniczego: Przepisy, konwencje, procedury.<\/span><\/li>\n<li><span class=\"fontstyle0\">Og\u00f3lna wiedza o statku powietrznym: Konstrukcja, silnik, instalacje, przyrz\u0105dy.<\/span><\/li>\n<li><span class=\"fontstyle0\">Cz\u0142owiek \u2013 mo\u017cliwo\u015bci i ograniczenia: Fizjologia lotnicza, psychologia.<\/span><\/li>\n<li><span class=\"fontstyle0\">Meteorologia: Prognozy, zjawiska pogodowe, komunikaty METAR\/TAF.<\/span><\/li>\n<li><span class=\"fontstyle0\">Nawigacja: Mapy, planowanie trasy, przyrz\u0105dy nawigacyjne.<\/span><\/li>\n<li><span class=\"fontstyle0\">Procedury operacyjne: Bezpiecze\u0144stwo, procedury awaryjne.<\/span><\/li>\n<li><span class=\"fontstyle0\">Zasady lotu: Aerodynamika, mechanika lotu.<\/span><\/li>\n<li><span class=\"fontstyle0\">Wykonanie i planowanie lotu: Obliczanie osi\u0105g\u00f3w, masy i wywa\u017cenia.<\/span><\/li>\n<li><span class=\"fontstyle0\">\u0141\u0105czno\u015b\u0107: Fale radiowe, frazeologia.<\/span><\/li>\n<\/ul>\n<h2 style=\"text-align: center; font-size: 1.4rem;\"><strong>Zakres materia\u0142owy \u2013 Test z J\u0119zyka angielskiego <\/strong><\/h2>\n<p>Czas trwania \u00a0\u2013 czas 75 min.<\/p>\n<p>Lista zagadnie\u0144 do egzaminu pisemnego z j\u0119zyka angielskiego:<\/p>\n<ul>\n<li>Grammar \u2013 English Tenses, Passive Voice, Conditionals (without mixed), Modal Verbs, Reported Speech \u2013 B2 Level;<\/li>\n<li>Vocabulary: General Vocabulary, prepositions, phrasal verbs, Word formation \u2013 B2 Level;<\/li>\n<li>Reading \u2013 True\/False, Multiple Choice, Filling in the gaps \u2013 B2-C1 Level<\/li>\n<\/ul>\n<h2 style=\"text-align: center; font-size: 1.4rem;\"><strong>Rozmowa w J\u0119zyku angielskim<\/strong><\/h2>\n<ul>\n<li>Self-presentation;<\/li>\n<li>Picture description &#8211; Aviation Vocabulary;<\/li>\n<li>General topics \u2013 hobbies, free time activities, travelling, sport, health, family and social life, aviation, society, state and politics, food, culture.<\/li>\n<\/ul>\n<h2 style=\"text-align: center; font-size: 1.4rem;\"><strong>Rozmowa kwalifikacyjna (Cz\u0119\u015b\u0107 lotnicza)<\/strong><\/h2>\n<p>Rozmowa ma na celu przedstawienie sylwetki kandydata, jest przeprowadzana przed Komisj\u0105 Kwalifikacyjn\u0105 PANS w Che\u0142mie. W czasie wyst\u0105pienia oceniane b\u0119d\u0105 kompetencje kandydata w zakresie:<\/p>\n<ul>\n<li>Komunikatywno\u015b\u0107;<\/li>\n<li>Wsp\u00f3\u0142praca;<\/li>\n<li>Opanowanie stresu;<\/li>\n<li>Motywacja i ukierunkowanie zawodowe;<\/li>\n<li>Og\u00f3lna wiedza lotnicza, odpowiadaj\u0105ca posiadanemu do\u015bwiadczeniu, przed\u0142o\u017conemu w post\u0119powaniu.<\/li>\n<\/ul>\n<h2 style=\"text-align: center; font-size: 1.4rem;\"><strong>Spos\u00f3b liczenia \u015aredniej za ostatnie dwa semestry studi\u00f3w:<\/strong><\/h2>\n<p><strong>Dla os\u00f3b po II semestrze<\/strong><\/p>\n<p>\u015arednia wa\u017cona, liczona z ocen otrzymanych przez kandydata w I i II semestrze studi\u00f3w, gdzie waga 2 jest dla ocen z przedmiot\u00f3w ko\u0144cz\u0105cych si\u0119 egzaminem i j\u0119zyka angielskiego, oceny z pozosta\u0142ych przedmiot\u00f3w maj\u0105 wag\u0119 1.<\/p>\n<p><strong>Dla os\u00f3b po IV semestrze<\/strong><\/p>\n<p>\u015arednia wa\u017cona liczona z ocen otrzymanych przez kandydata w III i IV semestrze studi\u00f3w, gdzie waga 2 jest dla ocen z przedmiot\u00f3w ko\u0144cz\u0105cych si\u0119 egzaminem, oceny z pozosta\u0142ych przedmiot\u00f3w maj\u0105 wag\u0119 1. Do \u015bredniej nie wlicza si\u0119 ocen z praktyki zawodowej.<\/p>\n<h2 style=\"text-align: center; font-size: 1.4rem;\"><strong>Spos\u00f3b liczenia nalotu dow\u00f3dczego w lotach trasowych (PIC XC):<\/strong><\/h2>\n<p>Nalot liczony jest od daty wydania licencji PPL(A) i weryfikowany na podstawie ksi\u0105\u017cki lot\u00f3w kandydat\u00f3w. (Komisja w drodze prowadzonego post\u0119powania mo\u017ce wezwa\u0107 kandydata do przed\u0142o\u017cenia orygina\u0142u ksi\u0105\u017cki lot\u00f3w, wtedy nale\u017cy j\u0105 dostarczy\u0107 do Centrum Lotniczego PANS w Che\u0142mie, bezwzgl\u0119dnie we wskazanym przez Komisj\u0119 terminie).<\/p>\n<ul>\n<li>Obliczenia dokonuje si\u0119 stosuj\u0105c poni\u017csze zasady zaliczania PIC XC:\n<ul>\n<li>Lot wykonany z punktu A do punktu A w czasie co najmniej 1 godziny, z jednym l\u0105dowaniem.<\/li>\n<li>Lot wykonany z punktu A do punktu B w dowolnym czasie, z jednym l\u0105dowaniem.<\/li>\n<\/ul>\n<\/li>\n<li>Je\u017celi wykonano kilka odcink\u00f3w, nale\u017cy ka\u017cdy z nich wpisywa\u0107 oddzielnie.<\/li>\n<li>Wpisy \u0142\u0105czone z wi\u0119ksz\u0105 ilo\u015bci\u0105 l\u0105dowa\u0144 jak jeden nie s\u0105 uznawane jako PIC XC.<\/li>\n<li>Nie wliczamy nalotu na statku powietrznym zarejestrowanym w kategorii \u201eSPECJALNY\u201d.<\/li>\n<li><span class=\"fontstyle0\">Kandydat w przekazywanej do Centrum Lotniczego ksi\u0105\u017cce lot\u00f3w ma obowi\u0105zek <\/span><span class=\"fontstyle0\">podsumowa\u0107 nalot na ka\u017cdej stronie i potwierdzi\u0107 go podpisem na ka\u017cdej\u00a0<\/span><span class=\"fontstyle0\">podsumowanej stronie.<\/span><\/li>\n<\/ul>\n<p><strong> <span class=\"fontstyle0\">Nie dopuszczamy u\u017cywania korektora, jedynie przekre\u015blenie z parafk\u0105.<br \/>\nLot kt\u00f3ry jest deklarowany przez kandydata musi by\u0107 opatrzony uwag\u0105 XC.<\/span><\/strong><\/p>\n<h3 style=\"font-size: 1.2rem;\"><strong>Zakres egzaminu sprawno\u015bciowego:<\/strong><\/h3>\n<p><span style=\"text-decoration: underline;\"><strong>M\u0119\u017cczy\u017ani:<\/strong><\/span><\/p>\n<ul>\n<li><span class=\"fontstyle0\">podci\u0105ganie na dr\u0105\u017cku<\/span><\/li>\n<li><span class=\"fontstyle0\">wspinanie po linie (wej\u015bcie i zej\u015bcie)<\/span><\/li>\n<li><span class=\"fontstyle0\">beep test<\/span><\/li>\n<li><span class=\"fontstyle0\">si\u0142a mi\u0119\u015bni brzucha (30 sek.)<\/span><\/li>\n<\/ul>\n<p><span style=\"text-decoration: underline;\"><strong>Kobiety:<\/strong><\/span><\/p>\n<ul>\n<li><span class=\"fontstyle0\">beep test<\/span><\/li>\n<li><span class=\"fontstyle0\">si\u0142a mi\u0119\u015bni brzucha (ilo\u015b\u0107 powt\u00f3rze\u0144)<\/span><\/li>\n<li><span class=\"fontstyle0\">sk\u0142on tu\u0142owia o prostych nogach gibko\u015b\u0107<\/span><\/li>\n<li><span class=\"fontstyle0\">rzut pi\u0142k\u0105 lekarsk\u0105 2kg<\/span><\/li>\n<\/ul>\n<h3><strong><span class=\"fontstyle0\">UWAGA<\/span><\/strong><\/h3>\n<p><span class=\"fontstyle1\">Informacje dotycz\u0105ce podzia\u0142u na grupy, miejsc przeprowadzania poszczeg\u00f3lnych etap\u00f3w kwalifikacji oraz szczeg\u00f3\u0142owych godzin rozm\u00f3w kwalifikacyjnych zostan\u0105 przekazane kandydatom za po\u015brednictwem strony internetowej oraz poczty elektronicznej po zako\u0144czeniu procesu rejestracji.<\/span><\/p>\n<p><span class=\"fontstyle1\">Potwierdzenie zaliczenia semestru oraz dane dotycz\u0105ce \u015bredniej ocen przekazywane s\u0105 Komisji Kwalifikacyjnej bezpo\u015brednio z Dzia\u0142u Obs\u0142ugi Studenta Instytutu Nauk Technicznych i Lotnictwa.<\/span><\/p>\n<a class=\"gdlr-button medium\" href=\"\/wp-content\/uploads\/2026\/02\/Punktacja-do-kwalifikacji-2026-oraz-osiagniecia-lotnicze.pdf\" target=\"_self\"  style=\"color:#ffffff; background-color:#225631; \"  >Punktacja do kwalifikacji 2026 oraz osi\u0105gni\u0119cia lotnicze<\/a>\n<a class=\"gdlr-button medium\" href=\"\/wp-content\/uploads\/2026\/02\/ZAKRES-I-ZASADY-OCENIANIA_-egzaminu-sprawnosciowego-.pdf\" target=\"_self\"  style=\"color:#ffffff; background-color:#225631; \"  >Zakres i zasady przeprowadzania egzaminu sprawno\u015bciowego<\/a>\n<a class=\"gdlr-button medium\" href=\"\/wp-content\/uploads\/2026\/02\/Zasady-wypelniania-logbook.pdf\" target=\"_self\"  style=\"color:#ffffff; background-color:#225631; \"  >Przyk\u0142adowy logbook z wymaganiami Komisji Kwalifikacyjnej w PANS Che\u0142m<\/a>\n<a class=\"gdlr-button medium\" href=\"\/?page_id=4768\" target=\"_self\"  style=\"color:#ffffff; background-color:#225631; \"  >Regulamin Szkolenia Personelu Lotniczego PANS w Che\u0142mie<\/a>\n<a class=\"gdlr-button medium\" href=\"\/wp-content\/uploads\/2026\/02\/KomunikatCL.pdf\" target=\"_self\"  style=\"color:#ffffff; background-color:#572323; \"  >Komunikat Komisji Kwalifikacyjnej<\/a>\n","protected":false},"excerpt":{"rendered":"<p>&nbsp; Og\u00f3lne zasady prowadzenia Kwalifikacji na szkolenie lotnicze \u2013 Pilota\u017c (samolotowy i \u015bmig\u0142owcowy), dla student\u00f3w kierunku Mechanika i budowa maszyn PANS w Che\u0142mie \u2013 2026 R. Podstawa prawna: Regulamin Szkolenia Personelu Lotniczego Pa\u0144stwowej Akademii Nauk Stosowanych w Che\u0142mie, stanowi\u0105cy za\u0142\u0105cznik do zarz\u0105dzenia Rektora PANS w Che\u0142mie nr 109\/2022 z dnia 19 grudnia 2022 r., w&#8230; <\/p>\n<div class=\"clear\"><\/div>\n<p><a href=\"https:\/\/cl.panschelm.edu.pl\/?page_id=5352\" class=\"excerpt-read-more\">Czytaj wi\u0119cej<i class=\"fa fa-angle-double-right icon-double-angle-right\"><\/i><\/a><\/p>\n","protected":false},"author":1,"featured_media":0,"parent":0,"menu_order":0,"comment_status":"closed","ping_status":"closed","template":"","meta":{"footnotes":""},"class_list":["post-5352","page","type-page","status-publish","hentry"],"publishpress_future_action":{"enabled":false,"date":"1970-01-01 01:00:00","action":"","terms":[],"taxonomy":"","browser_timezone_offset":0},"_links":{"self":[{"href":"https:\/\/cl.panschelm.edu.pl\/index.php?rest_route=\/wp\/v2\/pages\/5352","targetHints":{"allow":["GET"]}}],"collection":[{"href":"https:\/\/cl.panschelm.edu.pl\/index.php?rest_route=\/wp\/v2\/pages"}],"about":[{"href":"https:\/\/cl.panschelm.edu.pl\/index.php?rest_route=\/wp\/v2\/types\/page"}],"author":[{"embeddable":true,"href":"https:\/\/cl.panschelm.edu.pl\/index.php?rest_route=\/wp\/v2\/users\/1"}],"replies":[{"embeddable":true,"href":"https:\/\/cl.panschelm.edu.pl\/index.php?rest_route=%2Fwp%2Fv2%2Fcomments&post=5352"}],"version-history":[{"count":12,"href":"https:\/\/cl.panschelm.edu.pl\/index.php?rest_route=\/wp\/v2\/pages\/5352\/revisions"}],"predecessor-version":[{"id":9013,"href":"https:\/\/cl.panschelm.edu.pl\/index.php?rest_route=\/wp\/v2\/pages\/5352\/revisions\/9013"}],"wp:attachment":[{"href":"https:\/\/cl.panschelm.edu.pl\/index.php?rest_route=%2Fwp%2Fv2%2Fmedia&parent=5352"}],"curies":[{"name":"wp","href":"https:\/\/api.w.org\/{rel}","templated":true}]}}